{"id":563,"date":"2022-01-06T20:10:51","date_gmt":"2022-01-06T19:10:51","guid":{"rendered":"http:\/\/mjcvam.fr\/wordpress\/?page_id=563"},"modified":"2025-09-24T11:53:26","modified_gmt":"2025-09-24T09:53:26","slug":"563-2","status":"publish","type":"page","link":"https:\/\/mjcvam.fr\/wordpress\/?page_id=563","title":{"rendered":"QI-GONG"},"content":{"rendered":"\n<p>Favoriser la circulation de l\u2019\u00e9nergie dans tout le corps, lib\u00e9rer les tensions, l\u00e2chez le mental et ravivez votre vitalit\u00e9 gr\u00e2ce \u00e0 cette pratique issue de la M\u00e9decine Traditionnelle Chinoise. Pour les jeunes \u00e0 partir de 16 ans et les adultes. <\/p>\n\n\n\n<p><strong>Pour qui<\/strong>&nbsp;: pour les jeunes \u00e0 partir de 16 ans et les adultes<\/p>\n\n\n\n<p><strong>Quand<\/strong>&nbsp;: Lundi de 11h30 \u00e0 13 h ou de 14h \u00e0 15h30 (horaires encore \u00e0 d\u00e9finir). <\/p>\n\n\n\n<p><strong>O\u00f9<\/strong>&nbsp;: MJC VAM<\/p>\n\n\n\n<p><strong>Avec qui<\/strong>&nbsp;: Christelle VILLETTE<\/p>\n\n\n\n<p><strong>Combien<\/strong>\u00a0: tarif E<\/p>\n\n\n\n<p><\/p>\n","protected":false},"excerpt":{"rendered":"<p>Favoriser la circulation de l\u2019\u00e9nergie dans tout le corps, lib\u00e9rer les tensions, l\u00e2chez le mental et ravivez votre vitalit\u00e9 gr\u00e2ce \u00e0 cette pratique issue de la M\u00e9decine Traditionnelle Chinoise. Pour les jeunes \u00e0 partir de 16 ans et les adultes. Pour qui&nbsp;: pour les jeunes \u00e0 partir de 16 ans et les adultes Quand&nbsp;: Lundi [&hellip;]<\/p>\n","protected":false},"author":3,"featured_media":0,"parent":0,"menu_order":0,"comment_status":"closed","ping_status":"closed","template":"","meta":{"_regular_price":[],"currency_symbol":[],"footnotes":""},"class_list":["post-563","page","type-page","status-publish","hentry"],"post_slider_layout_featured_media_urls":{"thumbnail":"","post_slider_layout_landscape_large":"","post_slider_layout_portrait_large":"","post_slider_layout_square_large":"","post_slider_layout_landscape":"","post_slider_layout_portrait":"","post_slider_layout_square":"","full":""},"_links":{"self":[{"href":"https:\/\/mjcvam.fr\/wordpress\/index.php?rest_route=\/wp\/v2\/pages\/563","targetHints":{"allow":["GET"]}}],"collection":[{"href":"https:\/\/mjcvam.fr\/wordpress\/index.php?rest_route=\/wp\/v2\/pages"}],"about":[{"href":"https:\/\/mjcvam.fr\/wordpress\/index.php?rest_route=\/wp\/v2\/types\/page"}],"author":[{"embeddable":true,"href":"https:\/\/mjcvam.fr\/wordpress\/index.php?rest_route=\/wp\/v2\/users\/3"}],"replies":[{"embeddable":true,"href":"https:\/\/mjcvam.fr\/wordpress\/index.php?rest_route=%2Fwp%2Fv2%2Fcomments&post=563"}],"version-history":[{"count":11,"href":"https:\/\/mjcvam.fr\/wordpress\/index.php?rest_route=\/wp\/v2\/pages\/563\/revisions"}],"predecessor-version":[{"id":2301,"href":"https:\/\/mjcvam.fr\/wordpress\/index.php?rest_route=\/wp\/v2\/pages\/563\/revisions\/2301"}],"wp:attachment":[{"href":"https:\/\/mjcvam.fr\/wordpress\/index.php?rest_route=%2Fwp%2Fv2%2Fmedia&parent=563"}],"curies":[{"name":"wp","href":"https:\/\/api.w.org\/{rel}","templated":true}]}}