{"id":1750,"date":"2024-07-08T17:24:57","date_gmt":"2024-07-08T15:24:57","guid":{"rendered":"https:\/\/mjcvam.fr\/wordpress\/?page_id=1750"},"modified":"2025-09-04T11:31:41","modified_gmt":"2025-09-04T09:31:41","slug":"documents-inscriptions","status":"publish","type":"page","link":"https:\/\/mjcvam.fr\/wordpress\/?page_id=1750","title":{"rendered":"DOCUMENTS INSCRIPTIONS"},"content":{"rendered":"\n<div class=\"wp-block-file\"><a id=\"wp-block-file--media-c565f660-4f45-438f-9cfc-e0064f37463b\" href=\"https:\/\/mjcvam.fr\/wordpress\/wp-content\/uploads\/2025\/07\/Formulaire-adhesion-25-26.png\">Formulaire adh\u00e9sion 25 26<\/a><a href=\"https:\/\/mjcvam.fr\/wordpress\/wp-content\/uploads\/2025\/07\/Formulaire-adhesion-25-26.png\" class=\"wp-block-file__button wp-element-button\" download aria-describedby=\"wp-block-file--media-c565f660-4f45-438f-9cfc-e0064f37463b\">T\u00e9l\u00e9charger<\/a><\/div>\n\n\n\n<p><strong>Accueil de loisirs (3-11 ans) et local jeunes (11-25 ans)<\/strong><\/p>\n\n\n\n<div data-wp-interactive=\"core\/file\" class=\"wp-block-file\"><object data-wp-bind--hidden=\"!state.hasPdfPreview\" hidden class=\"wp-block-file__embed\" data=\"https:\/\/mjcvam.fr\/wordpress\/wp-content\/uploads\/2025\/06\/DOSSIER-INSCRIPTION-25-26.pdf\" type=\"application\/pdf\" style=\"width:100%;height:600px\" aria-label=\"Contenu embarqu\u00e9 DOSSIER INSCRIPTION 25 26.\"><\/object><a id=\"wp-block-file--media-ed3cafa8-2bd5-423c-9b01-c1f1a1c57f11\" href=\"https:\/\/mjcvam.fr\/wordpress\/wp-content\/uploads\/2025\/06\/DOSSIER-INSCRIPTION-25-26.pdf\">DOSSIER INSCRIPTION 25 26<\/a><a href=\"https:\/\/mjcvam.fr\/wordpress\/wp-content\/uploads\/2025\/06\/DOSSIER-INSCRIPTION-25-26.pdf\" class=\"wp-block-file__button wp-element-button\" download aria-describedby=\"wp-block-file--media-ed3cafa8-2bd5-423c-9b01-c1f1a1c57f11\">T\u00e9l\u00e9charger<\/a><\/div>\n\n\n\n<div data-wp-interactive=\"core\/file\" class=\"wp-block-file\"><object data-wp-bind--hidden=\"!state.hasPdfPreview\" hidden class=\"wp-block-file__embed\" data=\"https:\/\/mjcvam.fr\/wordpress\/wp-content\/uploads\/2025\/05\/Reglement-Interieur-Accueil-de-loisirs-2025-2026-2.pdf\" type=\"application\/pdf\" style=\"width:100%;height:600px\" aria-label=\"Contenu embarqu\u00e9 R\u00e9glement Int\u00e9rieur Accueil de loisirs 2025-2026.\"><\/object><a id=\"wp-block-file--media-14741538-b994-4ca4-b7d2-8990dfdb8364\" href=\"https:\/\/mjcvam.fr\/wordpress\/wp-content\/uploads\/2025\/05\/Reglement-Interieur-Accueil-de-loisirs-2025-2026-2.pdf\">R\u00e9glement Int\u00e9rieur Accueil de loisirs 2025-2026<\/a><a href=\"https:\/\/mjcvam.fr\/wordpress\/wp-content\/uploads\/2025\/05\/Reglement-Interieur-Accueil-de-loisirs-2025-2026-2.pdf\" class=\"wp-block-file__button wp-element-button\" download aria-describedby=\"wp-block-file--media-14741538-b994-4ca4-b7d2-8990dfdb8364\">T\u00e9l\u00e9charger<\/a><\/div>\n\n\n\n<div data-wp-interactive=\"core\/file\" class=\"wp-block-file\"><object data-wp-bind--hidden=\"!state.hasPdfPreview\" hidden class=\"wp-block-file__embed\" data=\"https:\/\/mjcvam.fr\/wordpress\/wp-content\/uploads\/2025\/05\/Fiche-saniaire-1.pdf\" type=\"application\/pdf\" style=\"width:100%;height:600px\" aria-label=\"Contenu embarqu\u00e9 Fiche saniaire.\"><\/object><a id=\"wp-block-file--media-4217c4f8-de62-4e35-8da6-e8db5cba8fc0\" href=\"https:\/\/mjcvam.fr\/wordpress\/wp-content\/uploads\/2025\/05\/Fiche-saniaire-1.pdf\">Fiche saniaire<\/a><a href=\"https:\/\/mjcvam.fr\/wordpress\/wp-content\/uploads\/2025\/05\/Fiche-saniaire-1.pdf\" class=\"wp-block-file__button wp-element-button\" download aria-describedby=\"wp-block-file--media-4217c4f8-de62-4e35-8da6-e8db5cba8fc0\">T\u00e9l\u00e9charger<\/a><\/div>\n\n\n\n<div class=\"wp-block-file\"><a id=\"wp-block-file--media-1aeb4948-3ef5-4f80-9e38-7ddb61332a1b\" href=\"https:\/\/mjcvam.fr\/wordpress\/wp-content\/uploads\/2024\/07\/Reglement-Interieur-Accueil-de-loisirs-jeunes-2024-2025.docx\">Reglement-Interieur-Accueil-de-loisirs-jeunes-2024-2025<\/a><a href=\"https:\/\/mjcvam.fr\/wordpress\/wp-content\/uploads\/2024\/07\/Reglement-Interieur-Accueil-de-loisirs-jeunes-2024-2025.docx\" class=\"wp-block-file__button wp-element-button\" download aria-describedby=\"wp-block-file--media-1aeb4948-3ef5-4f80-9e38-7ddb61332a1b\">T\u00e9l\u00e9charger<\/a><\/div>\n\n\n\n<p><strong>Ateliers pratiques amateurs<\/strong><\/p>\n\n\n\n<div data-wp-interactive=\"core\/file\" class=\"wp-block-file\"><object data-wp-bind--hidden=\"!state.hasPdfPreview\" hidden class=\"wp-block-file__embed\" data=\"https:\/\/mjcvam.fr\/wordpress\/wp-content\/uploads\/2025\/06\/dossier-inscription-2.pdf\" type=\"application\/pdf\" style=\"width:100%;height:600px\" aria-label=\"Contenu embarqu\u00e9 dossier inscription.\"><\/object><a id=\"wp-block-file--media-df9ec74b-a78e-49c0-8149-7a2546a6946a\" href=\"https:\/\/mjcvam.fr\/wordpress\/wp-content\/uploads\/2025\/06\/dossier-inscription-2.pdf\">dossier inscription<\/a><a href=\"https:\/\/mjcvam.fr\/wordpress\/wp-content\/uploads\/2025\/06\/dossier-inscription-2.pdf\" class=\"wp-block-file__button wp-element-button\" download aria-describedby=\"wp-block-file--media-df9ec74b-a78e-49c0-8149-7a2546a6946a\">T\u00e9l\u00e9charger<\/a><\/div>\n\n\n\n<p><\/p>\n\n\n\n<div data-wp-interactive=\"core\/file\" class=\"wp-block-file\"><object data-wp-bind--hidden=\"!state.hasPdfPreview\" hidden class=\"wp-block-file__embed\" data=\"https:\/\/mjcvam.fr\/wordpress\/wp-content\/uploads\/2024\/10\/Conditions-generales-de-vente-VDEF.pdf\" type=\"application\/pdf\" style=\"width:100%;height:600px\" aria-label=\"Contenu embarqu\u00e9 Conditions-generales-de-vente-VDEF.\"><\/object><a id=\"wp-block-file--media-35dee309-439c-4e0d-af17-d74f84e73fa8\" href=\"https:\/\/mjcvam.fr\/wordpress\/wp-content\/uploads\/2024\/10\/Conditions-generales-de-vente-VDEF.pdf\">Conditions-generales-de-vente-VDEF<\/a><a href=\"https:\/\/mjcvam.fr\/wordpress\/wp-content\/uploads\/2024\/10\/Conditions-generales-de-vente-VDEF.pdf\" class=\"wp-block-file__button wp-element-button\" download aria-describedby=\"wp-block-file--media-35dee309-439c-4e0d-af17-d74f84e73fa8\">T\u00e9l\u00e9charger<\/a><\/div>\n\n\n\n<div data-wp-interactive=\"core\/file\" class=\"wp-block-file\"><object data-wp-bind--hidden=\"!state.hasPdfPreview\" hidden class=\"wp-block-file__embed\" data=\"https:\/\/mjcvam.fr\/wordpress\/wp-content\/uploads\/2025\/09\/Plaquette-pratiques-amateurs-1.pdf\" type=\"application\/pdf\" style=\"width:100%;height:600px\" aria-label=\"Contenu embarqu\u00e9 Plaquette pratiques amateurs.\"><\/object><a id=\"wp-block-file--media-ee1c6503-f938-4da6-8a3f-7615b21fbbb2\" href=\"https:\/\/mjcvam.fr\/wordpress\/wp-content\/uploads\/2025\/09\/Plaquette-pratiques-amateurs-1.pdf\">Plaquette pratiques amateurs<\/a><a href=\"https:\/\/mjcvam.fr\/wordpress\/wp-content\/uploads\/2025\/09\/Plaquette-pratiques-amateurs-1.pdf\" class=\"wp-block-file__button wp-element-button\" download aria-describedby=\"wp-block-file--media-ee1c6503-f938-4da6-8a3f-7615b21fbbb2\">T\u00e9l\u00e9charger<\/a><\/div>\n\n\n\n<p><\/p>\n","protected":false},"excerpt":{"rendered":"<p>Accueil de loisirs (3-11 ans) et local jeunes (11-25 ans) Ateliers pratiques amateurs<\/p>\n","protected":false},"author":2,"featured_media":0,"parent":0,"menu_order":0,"comment_status":"closed","ping_status":"closed","template":"","meta":{"_regular_price":[],"currency_symbol":[],"footnotes":""},"class_list":["post-1750","page","type-page","status-publish","hentry"],"post_slider_layout_featured_media_urls":{"thumbnail":"","post_slider_layout_landscape_large":"","post_slider_layout_portrait_large":"","post_slider_layout_square_large":"","post_slider_layout_landscape":"","post_slider_layout_portrait":"","post_slider_layout_square":"","full":""},"_links":{"self":[{"href":"https:\/\/mjcvam.fr\/wordpress\/index.php?rest_route=\/wp\/v2\/pages\/1750","targetHints":{"allow":["GET"]}}],"collection":[{"href":"https:\/\/mjcvam.fr\/wordpress\/index.php?rest_route=\/wp\/v2\/pages"}],"about":[{"href":"https:\/\/mjcvam.fr\/wordpress\/index.php?rest_route=\/wp\/v2\/types\/page"}],"author":[{"embeddable":true,"href":"https:\/\/mjcvam.fr\/wordpress\/index.php?rest_route=\/wp\/v2\/users\/2"}],"replies":[{"embeddable":true,"href":"https:\/\/mjcvam.fr\/wordpress\/index.php?rest_route=%2Fwp%2Fv2%2Fcomments&post=1750"}],"version-history":[{"count":21,"href":"https:\/\/mjcvam.fr\/wordpress\/index.php?rest_route=\/wp\/v2\/pages\/1750\/revisions"}],"predecessor-version":[{"id":2272,"href":"https:\/\/mjcvam.fr\/wordpress\/index.php?rest_route=\/wp\/v2\/pages\/1750\/revisions\/2272"}],"wp:attachment":[{"href":"https:\/\/mjcvam.fr\/wordpress\/index.php?rest_route=%2Fwp%2Fv2%2Fmedia&parent=1750"}],"curies":[{"name":"wp","href":"https:\/\/api.w.org\/{rel}","templated":true}]}}